{"id":2638,"date":"2024-01-07T14:50:02","date_gmt":"2024-01-07T14:50:02","guid":{"rendered":"https:\/\/bieszczadzkapolozna.pl\/?page_id=2638"},"modified":"2025-10-18T18:28:48","modified_gmt":"2025-10-18T18:28:48","slug":"indywidualna-nauka-noszenia-w-chuscie-tkanej","status":"publish","type":"page","link":"https:\/\/bieszczadzkapolozna.pl\/index.php\/indywidualna-nauka-noszenia-w-chuscie-tkanej\/","title":{"rendered":"Indywidualna nauka noszenia w chu\u015bcie tkanej"},"content":{"rendered":"\t\t<div data-elementor-type=\"wp-page\" data-elementor-id=\"2638\" class=\"elementor elementor-2638\" data-elementor-post-type=\"page\">\n\t\t\t\t\t\t<section class=\"elementor-section elementor-top-section elementor-element elementor-element-54671254 elementor-section-content-middle elementor-section-boxed elementor-section-height-default elementor-section-height-default\" data-id=\"54671254\" data-element_type=\"section\" data-settings=\"{&quot;background_background&quot;:&quot;classic&quot;}\">\n\t\t\t\t\t\t\t<div class=\"elementor-background-overlay\"><\/div>\n\t\t\t\t\t\t\t<div class=\"elementor-container elementor-column-gap-wider\">\n\t\t\t\t\t<div class=\"elementor-column elementor-col-50 elementor-top-column elementor-element elementor-element-33782546\" data-id=\"33782546\" data-element_type=\"column\" data-settings=\"{&quot;animation&quot;:&quot;none&quot;}\">\n\t\t\t<div class=\"elementor-widget-wrap elementor-element-populated\">\n\t\t\t\t\t\t<div class=\"elementor-element elementor-element-e407f60 elementor-widget elementor-widget-heading\" data-id=\"e407f60\" data-element_type=\"widget\" data-widget_type=\"heading.default\">\n\t\t\t\t<div class=\"elementor-widget-container\">\n\t\t\t\t\t<h2 class=\"elementor-heading-title elementor-size-default\">Indywidualna nauka noszenia w chu\u015bcie tkanej lub nosidle mi\u0119kkim<\/h2>\t\t\t\t<\/div>\n\t\t\t\t<\/div>\n\t\t\t\t<div class=\"elementor-element elementor-element-193b9a57 elementor-widget elementor-widget-heading\" data-id=\"193b9a57\" data-element_type=\"widget\" data-settings=\"{&quot;_animation&quot;:&quot;none&quot;,&quot;_animation_delay&quot;:150}\" data-widget_type=\"heading.default\">\n\t\t\t\t<div class=\"elementor-widget-container\">\n\t\t\t\t\t<h3 class=\"elementor-heading-title elementor-size-default\">Czy komu\u015b trzeba jeszcze przedstawia\u0107 korzy\u015bci wynikaj\u0105ce z chustonoszenia?<br><br>\n<b>Dla dziecka to:<br><\/b>\n- blisko\u015b\u0107 rodzica<br>\n- fizjologiczna pozycja<br>\n- kangurowanie w ruchu<br>\n- ko\u0142ysanie i bicie serca \u2013 jak w \u017cyciu p\u0142odowym<br><br>\n<b>Dla rodzica natomiast:<br><\/b>\n- wolne r\u0119ce<br>\n- mo\u017cliwo\u015b\u0107 uspokojenia malucha w spos\u00f3b odci\u0105\u017caj\u0105cy r\u0119ce i kr\u0119gos\u0142up<br>\n- zabranie \u201enie w\u00f3zkowego\u201d dziecka na spacer <br>\n- opcja spaceru z dw\u00f3jk\u0105 maluch\u00f3w.\n <br><br>\n<b>Co mog\u0119 wam zaoferowa\u0107?<br><\/b>\nKonsultacja obejmuje mini-wyk\u0142ad i praktyczn\u0105 nauk\u0119 wi\u0105za\u0144 \n\u2013 1 lub 2 na jednym spotkaniu.<br><br>\nMacie mo\u017cliwo\u015b\u0107 skorzystania z chusty lub nosid\u0142a dopasowanego do waszej budowy cia\u0142a (kilka rodzaj\u00f3w do wyboru) lub z w\u0142asnej. Przed podj\u0119ciem pr\u00f3by zamotania w chust\u0119 maluszka, jest mo\u017cliwo\u015b\u0107 opanowania wi\u0105za\u0144 na doci\u0105\u017conych lalkach do nauki chustonoszenia. Czas trwania konsultacji indywidualnej: 1,5-2 h.\n <br><br>\nSpotkania odbywaj\u0105 si\u0119 w moim gabinecie lub z dojazdem do waszego domu. W nauce mo\u017ce bra\u0107 udzia\u0142 dwoje rodzic\u00f3w. Termin ustalamy wsp\u00f3lnie - r\u00f3wnie\u017c weekendy i \u015bwi\u0119ta. Po spotkanie jest mo\u017cliwo\u015b\u0107 wypo\u017cyczenia chusty i nosid\u0142a na pocz\u0105tek noszenia.\n\n\n<\/h3>\t\t\t\t<\/div>\n\t\t\t\t<\/div>\n\t\t\t\t<div class=\"elementor-element elementor-element-4f579a4c elementor-align-left elementor-widget elementor-widget-button\" data-id=\"4f579a4c\" data-element_type=\"widget\" data-widget_type=\"button.default\">\n\t\t\t\t<div class=\"elementor-widget-container\">\n\t\t\t\t\t\t\t\t\t<div class=\"elementor-button-wrapper\">\n\t\t\t\t\t<a class=\"elementor-button elementor-button-link elementor-size-sm\" href=\"https:\/\/calendar.app.google\/dnQ6meJRMkdsLatJ6\">\n\t\t\t\t\t\t<span class=\"elementor-button-content-wrapper\">\n\t\t\t\t\t\t<span class=\"elementor-button-icon\">\n\t\t\t\t<i aria-hidden=\"true\" class=\"fas fa-long-arrow-alt-right\"><\/i>\t\t\t<\/span>\n\t\t\t\t\t\t\t\t\t<span class=\"elementor-button-text\">Zarezerwuj wizyt\u0119<\/span>\n\t\t\t\t\t<\/span>\n\t\t\t\t\t<\/a>\n\t\t\t\t<\/div>\n\t\t\t\t\t\t\t\t<\/div>\n\t\t\t\t<\/div>\n\t\t\t\t\t<\/div>\n\t\t<\/div>\n\t\t\t\t<div class=\"elementor-column elementor-col-50 elementor-top-column elementor-element elementor-element-4f3655ea\" data-id=\"4f3655ea\" data-element_type=\"column\">\n\t\t\t<div class=\"elementor-widget-wrap elementor-element-populated\">\n\t\t\t\t\t\t<div class=\"elementor-element elementor-element-6a30cfb4 elementor-widget elementor-widget-image\" data-id=\"6a30cfb4\" data-element_type=\"widget\" data-widget_type=\"image.default\">\n\t\t\t\t<div class=\"elementor-widget-container\">\n\t\t\t\t\t\t\t\t\t\t\t\t\t\t\t<img fetchpriority=\"high\" decoding=\"async\" width=\"1024\" height=\"683\" src=\"https:\/\/bieszczadzkapolozna.pl\/wp-content\/uploads\/2025\/10\/Indywidualna-nauka-noszenia-w-chuscie-tkanej-1024x683.png\" class=\"attachment-large size-large wp-image-4498\" alt=\"\" srcset=\"https:\/\/bieszczadzkapolozna.pl\/wp-content\/uploads\/2025\/10\/Indywidualna-nauka-noszenia-w-chuscie-tkanej-1024x683.png 1024w, https:\/\/bieszczadzkapolozna.pl\/wp-content\/uploads\/2025\/10\/Indywidualna-nauka-noszenia-w-chuscie-tkanej-300x200.png 300w, https:\/\/bieszczadzkapolozna.pl\/wp-content\/uploads\/2025\/10\/Indywidualna-nauka-noszenia-w-chuscie-tkanej-768x512.png 768w, https:\/\/bieszczadzkapolozna.pl\/wp-content\/uploads\/2025\/10\/Indywidualna-nauka-noszenia-w-chuscie-tkanej.png 1417w\" sizes=\"(max-width: 1024px) 100vw, 1024px\" \/>\t\t\t\t\t\t\t\t\t\t\t\t\t\t\t<\/div>\n\t\t\t\t<\/div>\n\t\t\t\t<div class=\"elementor-element elementor-element-9d7c94e elementor-widget elementor-widget-price-list\" data-id=\"9d7c94e\" data-element_type=\"widget\" data-widget_type=\"price-list.default\">\n\t\t\t\t<div class=\"elementor-widget-container\">\n\t\t\t\t\t\n\t\t<ul class=\"elementor-price-list\">\n\n\t\t\t\t\t\t\t\t\t<li class=\"elementor-price-list-item\">\t\t\t\t\n\t\t\t\t<div class=\"elementor-price-list-text\">\n\t\t\t\t\t\t\t\t\t<div class=\"elementor-price-list-header\">\n\t\t\t\t\t\t\t\t\t\t\t<span class=\"elementor-price-list-title\">\n\t\t\t\t\t\t\tIndywidualna nauka \t\t\t\t\t\t<\/span>\n\t\t\t\t\t\t\t\t\t\t\t\t\t\t\t\t\t\t<span class=\"elementor-price-list-separator\"><\/span>\n\t\t\t\t\t\t\t\t\t\t\t\t\t\t\t\t\t\t\t<span class=\"elementor-price-list-price\">od 150 z\u0142<\/span>\n\t\t\t\t\t\t\t\t\t\t<\/div>\n\t\t\t\t\t\t\t\t\t\t\t\t<\/div>\n\t\t\t\t<\/li>\t\t\t\t\t\n\t\t<\/ul>\n\n\t\t\t\t\t\t<\/div>\n\t\t\t\t<\/div>\n\t\t\t\t<div class=\"elementor-element elementor-element-2e894eaf elementor-align-left elementor-mobile-align-left elementor-widget__width-auto elementor-widget elementor-widget-button\" data-id=\"2e894eaf\" data-element_type=\"widget\" data-widget_type=\"button.default\">\n\t\t\t\t<div class=\"elementor-widget-container\">\n\t\t\t\t\t\t\t\t\t<div class=\"elementor-button-wrapper\">\n\t\t\t\t\t<a class=\"elementor-button elementor-button-link elementor-size-sm\" href=\"https:\/\/bieszczadzkapolozna.pl\/index.php\/kontakt\/\">\n\t\t\t\t\t\t<span class=\"elementor-button-content-wrapper\">\n\t\t\t\t\t\t\t\t\t<span class=\"elementor-button-text\">Skontaktuj si\u0119<\/span>\n\t\t\t\t\t<\/span>\n\t\t\t\t\t<\/a>\n\t\t\t\t<\/div>\n\t\t\t\t\t\t\t\t<\/div>\n\t\t\t\t<\/div>\n\t\t\t\t<div class=\"elementor-element elementor-element-33c1b34c elementor-align-left elementor-mobile-align-left elementor-widget__width-auto elementor-widget elementor-widget-button\" data-id=\"33c1b34c\" data-element_type=\"widget\" data-widget_type=\"button.default\">\n\t\t\t\t<div class=\"elementor-widget-container\">\n\t\t\t\t\t\t\t\t\t<div class=\"elementor-button-wrapper\">\n\t\t\t\t\t<a class=\"elementor-button elementor-button-link elementor-size-sm\" href=\"https:\/\/bieszczadzkapolozna.pl\/index.php\/cennik\/\">\n\t\t\t\t\t\t<span class=\"elementor-button-content-wrapper\">\n\t\t\t\t\t\t\t\t\t<span class=\"elementor-button-text\">Cennik<\/span>\n\t\t\t\t\t<\/span>\n\t\t\t\t\t<\/a>\n\t\t\t\t<\/div>\n\t\t\t\t\t\t\t\t<\/div>\n\t\t\t\t<\/div>\n\t\t\t\t\t<\/div>\n\t\t<\/div>\n\t\t\t\t\t<\/div>\n\t\t<\/section>\n\t\t\t\t<section class=\"elementor-section elementor-top-section elementor-element elementor-element-4c9a69a elementor-section-content-middle elementor-section-boxed elementor-section-height-default elementor-section-height-default\" data-id=\"4c9a69a\" data-element_type=\"section\" data-settings=\"{&quot;background_background&quot;:&quot;classic&quot;}\">\n\t\t\t\t\t\t\t<div class=\"elementor-background-overlay\"><\/div>\n\t\t\t\t\t\t\t<div class=\"elementor-container elementor-column-gap-wider\">\n\t\t\t\t\t<div class=\"elementor-column elementor-col-100 elementor-top-column elementor-element elementor-element-76d3b930\" data-id=\"76d3b930\" data-element_type=\"column\">\n\t\t\t<div class=\"elementor-widget-wrap elementor-element-populated\">\n\t\t\t\t\t\t<div class=\"elementor-element elementor-element-3a188679 elementor-post-navigation-borders-yes elementor-widget elementor-widget-post-navigation\" data-id=\"3a188679\" data-element_type=\"widget\" data-widget_type=\"post-navigation.default\">\n\t\t\t\t<div class=\"elementor-widget-container\">\n\t\t\t\t\t\t\t<div class=\"elementor-post-navigation\">\n\t\t\t<div class=\"elementor-post-navigation__prev elementor-post-navigation__link\">\n\t\t\t\t<a href=\"https:\/\/bieszczadzkapolozna.pl\/index.php\/porada-laktacyjna\/\" rel=\"prev\"><span class=\"post-navigation__arrow-wrapper post-navigation__arrow-prev\"><i class=\"fa fa-angle-left\" aria-hidden=\"true\"><\/i><span class=\"elementor-screen-only\">Prev<\/span><\/span><span class=\"elementor-post-navigation__link__prev\"><span class=\"post-navigation__prev--label\">Poprzednie<\/span><span class=\"post-navigation__prev--title\">Porada laktacyjna<\/span><\/span><\/a>\t\t\t<\/div>\n\t\t\t\t\t\t\t<div class=\"elementor-post-navigation__separator-wrapper\">\n\t\t\t\t\t<div class=\"elementor-post-navigation__separator\"><\/div>\n\t\t\t\t<\/div>\n\t\t\t\t\t\t<div class=\"elementor-post-navigation__next elementor-post-navigation__link\">\n\t\t\t\t<a href=\"https:\/\/bieszczadzkapolozna.pl\/index.php\/nauka-przyjaznej-pielegnacji-noworodka-i-podstawy-pieluchowania-wielorazowego\/\" rel=\"next\"><span class=\"elementor-post-navigation__link__next\"><span class=\"post-navigation__next--label\">Nast\u0119pne<\/span><span class=\"post-navigation__next--title\">Nauka przyjaznej piel\u0119gnacji noworodka i Podstawy pieluchowania wielorazowego<\/span><\/span><span class=\"post-navigation__arrow-wrapper post-navigation__arrow-next\"><i class=\"fa fa-angle-right\" aria-hidden=\"true\"><\/i><span class=\"elementor-screen-only\">Next<\/span><\/span><\/a>\t\t\t<\/div>\n\t\t<\/div>\n\t\t\t\t\t\t<\/div>\n\t\t\t\t<\/div>\n\t\t\t\t\t<\/div>\n\t\t<\/div>\n\t\t\t\t\t<\/div>\n\t\t<\/section>\n\t\t\t\t<\/div>\n\t\t","protected":false},"excerpt":{"rendered":"<p>Indywidualna nauka noszenia w chu\u015bcie tkanej lub nosidle mi\u0119kkim Czy komu\u015b trzeba jeszcze przedstawia\u0107 korzy\u015bci wynikaj\u0105ce z chustonoszenia? Dla dziecka to: &#8211; blisko\u015b\u0107 rodzica &#8211; fizjologiczna pozycja &#8211; kangurowanie w ruchu &#8211; ko\u0142ysanie i bicie serca \u2013 jak w \u017cyciu p\u0142odowym Dla rodzica natomiast: &#8211; wolne r\u0119ce &#8211; mo\u017cliwo\u015b\u0107 uspokojenia malucha w spos\u00f3b odci\u0105\u017caj\u0105cy r\u0119ce [&hellip;]<\/p>\n","protected":false},"author":1,"featured_media":0,"parent":0,"menu_order":0,"comment_status":"closed","ping_status":"closed","template":"","meta":{"_monsterinsights_skip_tracking":false,"_monsterinsights_sitenote_active":false,"_monsterinsights_sitenote_note":"","_monsterinsights_sitenote_category":0,"ocean_post_layout":"full-screen","ocean_both_sidebars_style":"","ocean_both_sidebars_content_width":0,"ocean_both_sidebars_sidebars_width":0,"ocean_sidebar":"","ocean_second_sidebar":"","ocean_disable_margins":"on","ocean_add_body_class":"","ocean_shortcode_before_top_bar":"","ocean_shortcode_after_top_bar":"","ocean_shortcode_before_header":"","ocean_shortcode_after_header":"","ocean_has_shortcode":"","ocean_shortcode_after_title":"","ocean_shortcode_before_footer_widgets":"","ocean_shortcode_after_footer_widgets":"","ocean_shortcode_before_footer_bottom":"","ocean_shortcode_after_footer_bottom":"","ocean_display_top_bar":"default","ocean_display_header":"default","ocean_header_style":"","ocean_center_header_left_menu":"","ocean_custom_header_template":"","ocean_custom_logo":0,"ocean_custom_retina_logo":0,"ocean_custom_logo_max_width":0,"ocean_custom_logo_tablet_max_width":0,"ocean_custom_logo_mobile_max_width":0,"ocean_custom_logo_max_height":0,"ocean_custom_logo_tablet_max_height":0,"ocean_custom_logo_mobile_max_height":0,"ocean_header_custom_menu":"","ocean_menu_typo_font_family":"","ocean_menu_typo_font_subset":"","ocean_menu_typo_font_size":0,"ocean_menu_typo_font_size_tablet":0,"ocean_menu_typo_font_size_mobile":0,"ocean_menu_typo_font_size_unit":"px","ocean_menu_typo_font_weight":"","ocean_menu_typo_font_weight_tablet":"","ocean_menu_typo_font_weight_mobile":"","ocean_menu_typo_transform":"","ocean_menu_typo_transform_tablet":"","ocean_menu_typo_transform_mobile":"","ocean_menu_typo_line_height":0,"ocean_menu_typo_line_height_tablet":0,"ocean_menu_typo_line_height_mobile":0,"ocean_menu_typo_line_height_unit":"","ocean_menu_typo_spacing":0,"ocean_menu_typo_spacing_tablet":0,"ocean_menu_typo_spacing_mobile":0,"ocean_menu_typo_spacing_unit":"","ocean_menu_link_color":"","ocean_menu_link_color_hover":"","ocean_menu_link_color_active":"","ocean_menu_link_background":"","ocean_menu_link_hover_background":"","ocean_menu_link_active_background":"","ocean_menu_social_links_bg":"","ocean_menu_social_hover_links_bg":"","ocean_menu_social_links_color":"","ocean_menu_social_hover_links_color":"","ocean_disable_title":"on","ocean_disable_heading":"default","ocean_post_title":"","ocean_post_subheading":"","ocean_post_title_style":"","ocean_post_title_background_color":"","ocean_post_title_background":0,"ocean_post_title_bg_image_position":"","ocean_post_title_bg_image_attachment":"","ocean_post_title_bg_image_repeat":"","ocean_post_title_bg_image_size":"","ocean_post_title_height":0,"ocean_post_title_bg_overlay":0.5,"ocean_post_title_bg_overlay_color":"","ocean_disable_breadcrumbs":"off","ocean_breadcrumbs_color":"","ocean_breadcrumbs_separator_color":"","ocean_breadcrumbs_links_color":"","ocean_breadcrumbs_links_hover_color":"","ocean_display_footer_widgets":"default","ocean_display_footer_bottom":"default","ocean_custom_footer_template":"","footnotes":""},"class_list":["post-2638","page","type-page","status-publish","hentry","entry"],"yoast_head":"<!-- This site is optimized with the Yoast SEO plugin v25.0 - https:\/\/yoast.com\/wordpress\/plugins\/seo\/ -->\n<title>Indywidualna nauka noszenia w chu\u015bcie tkanej - Karolina Sku\u0142a - Po\u0142o\u017cna Rodzinna<\/title>\n<meta name=\"robots\" content=\"index, follow, max-snippet:-1, max-image-preview:large, max-video-preview:-1\" \/>\n<link rel=\"canonical\" href=\"https:\/\/bieszczadzkapolozna.pl\/index.php\/indywidualna-nauka-noszenia-w-chuscie-tkanej\/\" \/>\n<meta property=\"og:locale\" content=\"pl_PL\" \/>\n<meta property=\"og:type\" content=\"article\" \/>\n<meta property=\"og:title\" content=\"Indywidualna nauka noszenia w chu\u015bcie tkanej - Karolina Sku\u0142a - Po\u0142o\u017cna Rodzinna\" \/>\n<meta property=\"og:description\" content=\"Indywidualna nauka noszenia w chu\u015bcie tkanej lub nosidle mi\u0119kkim Czy komu\u015b trzeba jeszcze przedstawia\u0107 korzy\u015bci wynikaj\u0105ce z chustonoszenia? Dla dziecka to: &#8211; blisko\u015b\u0107 rodzica &#8211; fizjologiczna pozycja &#8211; kangurowanie w ruchu &#8211; ko\u0142ysanie i bicie serca \u2013 jak w \u017cyciu p\u0142odowym Dla rodzica natomiast: &#8211; wolne r\u0119ce &#8211; mo\u017cliwo\u015b\u0107 uspokojenia malucha w spos\u00f3b odci\u0105\u017caj\u0105cy r\u0119ce [&hellip;]\" \/>\n<meta property=\"og:url\" content=\"https:\/\/bieszczadzkapolozna.pl\/index.php\/indywidualna-nauka-noszenia-w-chuscie-tkanej\/\" \/>\n<meta property=\"og:site_name\" content=\"Karolina Sku\u0142a - Po\u0142o\u017cna Rodzinna\" \/>\n<meta property=\"article:modified_time\" content=\"2025-10-18T18:28:48+00:00\" \/>\n<meta property=\"og:image\" content=\"https:\/\/bieszczadzkapolozna.pl\/wp-content\/uploads\/2025\/10\/Indywidualna-nauka-noszenia-w-chuscie-tkanej.png\" \/>\n\t<meta property=\"og:image:width\" content=\"1417\" \/>\n\t<meta property=\"og:image:height\" content=\"945\" \/>\n\t<meta property=\"og:image:type\" content=\"image\/png\" \/>\n<meta name=\"twitter:card\" content=\"summary_large_image\" \/>\n<meta name=\"twitter:label1\" content=\"Szacowany czas czytania\" \/>\n\t<meta name=\"twitter:data1\" content=\"2 minuty\" \/>\n<script type=\"application\/ld+json\" class=\"yoast-schema-graph\">{\"@context\":\"https:\/\/schema.org\",\"@graph\":[{\"@type\":\"WebPage\",\"@id\":\"https:\/\/bieszczadzkapolozna.pl\/index.php\/indywidualna-nauka-noszenia-w-chuscie-tkanej\/\",\"url\":\"https:\/\/bieszczadzkapolozna.pl\/index.php\/indywidualna-nauka-noszenia-w-chuscie-tkanej\/\",\"name\":\"Indywidualna nauka noszenia w chu\u015bcie tkanej - Karolina Sku\u0142a - Po\u0142o\u017cna Rodzinna\",\"isPartOf\":{\"@id\":\"https:\/\/bieszczadzkapolozna.pl\/#website\"},\"primaryImageOfPage\":{\"@id\":\"https:\/\/bieszczadzkapolozna.pl\/index.php\/indywidualna-nauka-noszenia-w-chuscie-tkanej\/#primaryimage\"},\"image\":{\"@id\":\"https:\/\/bieszczadzkapolozna.pl\/index.php\/indywidualna-nauka-noszenia-w-chuscie-tkanej\/#primaryimage\"},\"thumbnailUrl\":\"https:\/\/bieszczadzkapolozna.pl\/wp-content\/uploads\/2025\/10\/Indywidualna-nauka-noszenia-w-chuscie-tkanej-1024x683.png\",\"datePublished\":\"2024-01-07T14:50:02+00:00\",\"dateModified\":\"2025-10-18T18:28:48+00:00\",\"breadcrumb\":{\"@id\":\"https:\/\/bieszczadzkapolozna.pl\/index.php\/indywidualna-nauka-noszenia-w-chuscie-tkanej\/#breadcrumb\"},\"inLanguage\":\"pl-PL\",\"potentialAction\":[{\"@type\":\"ReadAction\",\"target\":[\"https:\/\/bieszczadzkapolozna.pl\/index.php\/indywidualna-nauka-noszenia-w-chuscie-tkanej\/\"]}]},{\"@type\":\"ImageObject\",\"inLanguage\":\"pl-PL\",\"@id\":\"https:\/\/bieszczadzkapolozna.pl\/index.php\/indywidualna-nauka-noszenia-w-chuscie-tkanej\/#primaryimage\",\"url\":\"https:\/\/bieszczadzkapolozna.pl\/wp-content\/uploads\/2025\/10\/Indywidualna-nauka-noszenia-w-chuscie-tkanej.png\",\"contentUrl\":\"https:\/\/bieszczadzkapolozna.pl\/wp-content\/uploads\/2025\/10\/Indywidualna-nauka-noszenia-w-chuscie-tkanej.png\",\"width\":1417,\"height\":945},{\"@type\":\"BreadcrumbList\",\"@id\":\"https:\/\/bieszczadzkapolozna.pl\/index.php\/indywidualna-nauka-noszenia-w-chuscie-tkanej\/#breadcrumb\",\"itemListElement\":[{\"@type\":\"ListItem\",\"position\":1,\"name\":\"Strona g\u0142\u00f3wna\",\"item\":\"https:\/\/bieszczadzkapolozna.pl\/\"},{\"@type\":\"ListItem\",\"position\":2,\"name\":\"Indywidualna nauka noszenia w chu\u015bcie tkanej\"}]},{\"@type\":\"WebSite\",\"@id\":\"https:\/\/bieszczadzkapolozna.pl\/#website\",\"url\":\"https:\/\/bieszczadzkapolozna.pl\/\",\"name\":\"Karolina Sku\u0142a - Po\u0142o\u017cna Rodzinna\",\"description\":\"Bieszczadzka Po\u0142o\u017cna\",\"publisher\":{\"@id\":\"https:\/\/bieszczadzkapolozna.pl\/#organization\"},\"potentialAction\":[{\"@type\":\"SearchAction\",\"target\":{\"@type\":\"EntryPoint\",\"urlTemplate\":\"https:\/\/bieszczadzkapolozna.pl\/?s={search_term_string}\"},\"query-input\":{\"@type\":\"PropertyValueSpecification\",\"valueRequired\":true,\"valueName\":\"search_term_string\"}}],\"inLanguage\":\"pl-PL\"},{\"@type\":\"Organization\",\"@id\":\"https:\/\/bieszczadzkapolozna.pl\/#organization\",\"name\":\"Karolina Sku\u0142a - Po\u0142o\u017cna Rodzinna\",\"url\":\"https:\/\/bieszczadzkapolozna.pl\/\",\"logo\":{\"@type\":\"ImageObject\",\"inLanguage\":\"pl-PL\",\"@id\":\"https:\/\/bieszczadzkapolozna.pl\/#\/schema\/logo\/image\/\",\"url\":\"https:\/\/bieszczadzkapolozna.pl\/wp-content\/uploads\/2021\/08\/logo12-1.png\",\"contentUrl\":\"https:\/\/bieszczadzkapolozna.pl\/wp-content\/uploads\/2021\/08\/logo12-1.png\",\"width\":400,\"height\":207,\"caption\":\"Karolina Sku\u0142a - Po\u0142o\u017cna Rodzinna\"},\"image\":{\"@id\":\"https:\/\/bieszczadzkapolozna.pl\/#\/schema\/logo\/image\/\"}}]}<\/script>\n<!-- \/ Yoast SEO plugin. -->","yoast_head_json":{"title":"Indywidualna nauka noszenia w chu\u015bcie tkanej - Karolina Sku\u0142a - Po\u0142o\u017cna Rodzinna","robots":{"index":"index","follow":"follow","max-snippet":"max-snippet:-1","max-image-preview":"max-image-preview:large","max-video-preview":"max-video-preview:-1"},"canonical":"https:\/\/bieszczadzkapolozna.pl\/index.php\/indywidualna-nauka-noszenia-w-chuscie-tkanej\/","og_locale":"pl_PL","og_type":"article","og_title":"Indywidualna nauka noszenia w chu\u015bcie tkanej - Karolina Sku\u0142a - Po\u0142o\u017cna Rodzinna","og_description":"Indywidualna nauka noszenia w chu\u015bcie tkanej lub nosidle mi\u0119kkim Czy komu\u015b trzeba jeszcze przedstawia\u0107 korzy\u015bci wynikaj\u0105ce z chustonoszenia? Dla dziecka to: &#8211; blisko\u015b\u0107 rodzica &#8211; fizjologiczna pozycja &#8211; kangurowanie w ruchu &#8211; ko\u0142ysanie i bicie serca \u2013 jak w \u017cyciu p\u0142odowym Dla rodzica natomiast: &#8211; wolne r\u0119ce &#8211; mo\u017cliwo\u015b\u0107 uspokojenia malucha w spos\u00f3b odci\u0105\u017caj\u0105cy r\u0119ce [&hellip;]","og_url":"https:\/\/bieszczadzkapolozna.pl\/index.php\/indywidualna-nauka-noszenia-w-chuscie-tkanej\/","og_site_name":"Karolina Sku\u0142a - Po\u0142o\u017cna Rodzinna","article_modified_time":"2025-10-18T18:28:48+00:00","og_image":[{"width":1417,"height":945,"url":"https:\/\/bieszczadzkapolozna.pl\/wp-content\/uploads\/2025\/10\/Indywidualna-nauka-noszenia-w-chuscie-tkanej.png","type":"image\/png"}],"twitter_card":"summary_large_image","twitter_misc":{"Szacowany czas czytania":"2 minuty"},"schema":{"@context":"https:\/\/schema.org","@graph":[{"@type":"WebPage","@id":"https:\/\/bieszczadzkapolozna.pl\/index.php\/indywidualna-nauka-noszenia-w-chuscie-tkanej\/","url":"https:\/\/bieszczadzkapolozna.pl\/index.php\/indywidualna-nauka-noszenia-w-chuscie-tkanej\/","name":"Indywidualna nauka noszenia w chu\u015bcie tkanej - Karolina Sku\u0142a - Po\u0142o\u017cna Rodzinna","isPartOf":{"@id":"https:\/\/bieszczadzkapolozna.pl\/#website"},"primaryImageOfPage":{"@id":"https:\/\/bieszczadzkapolozna.pl\/index.php\/indywidualna-nauka-noszenia-w-chuscie-tkanej\/#primaryimage"},"image":{"@id":"https:\/\/bieszczadzkapolozna.pl\/index.php\/indywidualna-nauka-noszenia-w-chuscie-tkanej\/#primaryimage"},"thumbnailUrl":"https:\/\/bieszczadzkapolozna.pl\/wp-content\/uploads\/2025\/10\/Indywidualna-nauka-noszenia-w-chuscie-tkanej-1024x683.png","datePublished":"2024-01-07T14:50:02+00:00","dateModified":"2025-10-18T18:28:48+00:00","breadcrumb":{"@id":"https:\/\/bieszczadzkapolozna.pl\/index.php\/indywidualna-nauka-noszenia-w-chuscie-tkanej\/#breadcrumb"},"inLanguage":"pl-PL","potentialAction":[{"@type":"ReadAction","target":["https:\/\/bieszczadzkapolozna.pl\/index.php\/indywidualna-nauka-noszenia-w-chuscie-tkanej\/"]}]},{"@type":"ImageObject","inLanguage":"pl-PL","@id":"https:\/\/bieszczadzkapolozna.pl\/index.php\/indywidualna-nauka-noszenia-w-chuscie-tkanej\/#primaryimage","url":"https:\/\/bieszczadzkapolozna.pl\/wp-content\/uploads\/2025\/10\/Indywidualna-nauka-noszenia-w-chuscie-tkanej.png","contentUrl":"https:\/\/bieszczadzkapolozna.pl\/wp-content\/uploads\/2025\/10\/Indywidualna-nauka-noszenia-w-chuscie-tkanej.png","width":1417,"height":945},{"@type":"BreadcrumbList","@id":"https:\/\/bieszczadzkapolozna.pl\/index.php\/indywidualna-nauka-noszenia-w-chuscie-tkanej\/#breadcrumb","itemListElement":[{"@type":"ListItem","position":1,"name":"Strona g\u0142\u00f3wna","item":"https:\/\/bieszczadzkapolozna.pl\/"},{"@type":"ListItem","position":2,"name":"Indywidualna nauka noszenia w chu\u015bcie tkanej"}]},{"@type":"WebSite","@id":"https:\/\/bieszczadzkapolozna.pl\/#website","url":"https:\/\/bieszczadzkapolozna.pl\/","name":"Karolina Sku\u0142a - Po\u0142o\u017cna Rodzinna","description":"Bieszczadzka Po\u0142o\u017cna","publisher":{"@id":"https:\/\/bieszczadzkapolozna.pl\/#organization"},"potentialAction":[{"@type":"SearchAction","target":{"@type":"EntryPoint","urlTemplate":"https:\/\/bieszczadzkapolozna.pl\/?s={search_term_string}"},"query-input":{"@type":"PropertyValueSpecification","valueRequired":true,"valueName":"search_term_string"}}],"inLanguage":"pl-PL"},{"@type":"Organization","@id":"https:\/\/bieszczadzkapolozna.pl\/#organization","name":"Karolina Sku\u0142a - Po\u0142o\u017cna Rodzinna","url":"https:\/\/bieszczadzkapolozna.pl\/","logo":{"@type":"ImageObject","inLanguage":"pl-PL","@id":"https:\/\/bieszczadzkapolozna.pl\/#\/schema\/logo\/image\/","url":"https:\/\/bieszczadzkapolozna.pl\/wp-content\/uploads\/2021\/08\/logo12-1.png","contentUrl":"https:\/\/bieszczadzkapolozna.pl\/wp-content\/uploads\/2021\/08\/logo12-1.png","width":400,"height":207,"caption":"Karolina Sku\u0142a - Po\u0142o\u017cna Rodzinna"},"image":{"@id":"https:\/\/bieszczadzkapolozna.pl\/#\/schema\/logo\/image\/"}}]}},"_links":{"self":[{"href":"https:\/\/bieszczadzkapolozna.pl\/index.php\/wp-json\/wp\/v2\/pages\/2638","targetHints":{"allow":["GET"]}}],"collection":[{"href":"https:\/\/bieszczadzkapolozna.pl\/index.php\/wp-json\/wp\/v2\/pages"}],"about":[{"href":"https:\/\/bieszczadzkapolozna.pl\/index.php\/wp-json\/wp\/v2\/types\/page"}],"author":[{"embeddable":true,"href":"https:\/\/bieszczadzkapolozna.pl\/index.php\/wp-json\/wp\/v2\/users\/1"}],"replies":[{"embeddable":true,"href":"https:\/\/bieszczadzkapolozna.pl\/index.php\/wp-json\/wp\/v2\/comments?post=2638"}],"version-history":[{"count":32,"href":"https:\/\/bieszczadzkapolozna.pl\/index.php\/wp-json\/wp\/v2\/pages\/2638\/revisions"}],"predecessor-version":[{"id":4578,"href":"https:\/\/bieszczadzkapolozna.pl\/index.php\/wp-json\/wp\/v2\/pages\/2638\/revisions\/4578"}],"wp:attachment":[{"href":"https:\/\/bieszczadzkapolozna.pl\/index.php\/wp-json\/wp\/v2\/media?parent=2638"}],"curies":[{"name":"wp","href":"https:\/\/api.w.org\/{rel}","templated":true}]}}